{"id":2003,"date":"2026-03-09T09:38:54","date_gmt":"2026-03-09T09:38:54","guid":{"rendered":"https:\/\/analemusabogados.com\/?page_id=2003"},"modified":"2026-03-09T09:41:57","modified_gmt":"2026-03-09T09:41:57","slug":"area-penal","status":"publish","type":"page","link":"https:\/\/analemusabogados.com\/index.php\/area-penal\/","title":{"rendered":"\u00c1rea Penal"},"content":{"rendered":"\t\t<div data-elementor-type=\"wp-page\" data-elementor-id=\"2003\" class=\"elementor elementor-2003\">\n\t\t\t\t\t\t<section class=\"elementor-section elementor-top-section elementor-element elementor-element-70f20d8f elementor-section-boxed elementor-section-height-default elementor-section-height-default\" data-id=\"70f20d8f\" data-element_type=\"section\" data-e-type=\"section\">\n\t\t\t\t\t\t<div class=\"elementor-container elementor-column-gap-default\">\n\t\t\t\t\t<div class=\"elementor-column elementor-col-100 elementor-top-column elementor-element elementor-element-3d503209\" data-id=\"3d503209\" data-element_type=\"column\" data-e-type=\"column\">\n\t\t\t<div class=\"elementor-widget-wrap elementor-element-populated\">\n\t\t\t\t\t\t<div class=\"elementor-element elementor-element-1d6f3102 elementor-widget elementor-widget-text-editor\" data-id=\"1d6f3102\" data-element_type=\"widget\" data-e-type=\"widget\" data-widget_type=\"text-editor.default\">\n\t\t\t\t<div class=\"elementor-widget-container\">\n\t\t\t\t\t\t\t\t\t<h2>\u00c1rea Penal<\/h2><ul><li><b>Asistencia Letrada a detenidos e investigados en comisar\u00edas y\u00a0<\/b><b style=\"font-size: 0.875rem;\">juzgados.<\/b><\/li><li><b>Interposici\u00f3n de denuncias y querellas. <\/b>Diferenci\u00e1ndose que la querella incoa un procedimiento frente a un delito privado como son las calumnias o injurias no graves.<\/li><\/ul><ul><li><b style=\"font-size: 0.875rem;\">Gesti\u00f3n judicial de accidentes de tr\u00e1fico:<\/b><span style=\"font-size: 0.875rem;\"> incluyendo \u00e9sta la interposici\u00f3n\u00a0<\/span>de denuncias ante el juzgado de guardia, asesoramiento para la realizaci\u00f3n de visitas al m\u00e9dico forense, negociaciones para la obtenci\u00f3n de indemnizaciones por los da\u00f1os personales y materiales sufridos en accidentes de tr\u00e1fico ya sea ante las compa\u00f1\u00edas de seguros, como ante el consorcio de compensaci\u00f3n de seguros.<\/li><\/ul><ul><li><b>Juicios r\u00e1pidos. <\/b>Defendemos en los delitos que se enjuician en el Juzgado de Guardia tales como delitos de lesiones, coacciones, amenazas, violencia f\u00edsica o ps\u00edquica, delitos de hurto, robo, contra la seguridad del tr\u00e1fico, da\u00f1os, salud p\u00fablica, allanamiento de morada, usurpaci\u00f3n, etc.<\/li><\/ul><ul><li><b>Juicios derivados de alcoholemias.<\/b><\/li><\/ul><ul><li><b>Juicios sobre de delitos leves. <\/b>Son los iniciados por atestado policial y suelen\u00a0<span style=\"font-size: 0.875rem;\">ser delitos como hurtos peque\u00f1os o amenazas leves.<\/span><\/li><\/ul>\t\t\t\t\t\t\t\t<\/div>\n\t\t\t\t<\/div>\n\t\t\t\t\t<\/div>\n\t\t<\/div>\n\t\t\t\t\t<\/div>\n\t\t<\/section>\n\t\t\t\t<\/div>\n\t\t","protected":false},"excerpt":{"rendered":"<p>\u00c1rea Penal Asistencia Letrada a detenidos e investigados en comisar\u00edas y\u00a0juzgados. Interposici\u00f3n de denuncias y querellas. Diferenci\u00e1ndose que la querella incoa un procedimiento frente a un delito privado como son &#8230;<\/p>\n","protected":false},"author":1,"featured_media":0,"parent":0,"menu_order":0,"comment_status":"closed","ping_status":"closed","template":"","meta":{"_joinchat":[],"footnotes":""},"class_list":["post-2003","page","type-page","status-publish","hentry"],"_links":{"self":[{"href":"https:\/\/analemusabogados.com\/index.php\/wp-json\/wp\/v2\/pages\/2003","targetHints":{"allow":["GET"]}}],"collection":[{"href":"https:\/\/analemusabogados.com\/index.php\/wp-json\/wp\/v2\/pages"}],"about":[{"href":"https:\/\/analemusabogados.com\/index.php\/wp-json\/wp\/v2\/types\/page"}],"author":[{"embeddable":true,"href":"https:\/\/analemusabogados.com\/index.php\/wp-json\/wp\/v2\/users\/1"}],"replies":[{"embeddable":true,"href":"https:\/\/analemusabogados.com\/index.php\/wp-json\/wp\/v2\/comments?post=2003"}],"version-history":[{"count":4,"href":"https:\/\/analemusabogados.com\/index.php\/wp-json\/wp\/v2\/pages\/2003\/revisions"}],"predecessor-version":[{"id":2007,"href":"https:\/\/analemusabogados.com\/index.php\/wp-json\/wp\/v2\/pages\/2003\/revisions\/2007"}],"wp:attachment":[{"href":"https:\/\/analemusabogados.com\/index.php\/wp-json\/wp\/v2\/media?parent=2003"}],"curies":[{"name":"wp","href":"https:\/\/api.w.org\/{rel}","templated":true}]}}